culate the greatest common factor of c and w.
13
Let q be (-56)/(-10) + 2/5. Let m(s) be the second derivative of -s**5/20 + 12*s**2 + 2*s. Let x be m(0). What is the highest common divisor of x and q?
6
Suppose -3*s = -r + 6*r - 25, 0 = -5*s. What is the highest common factor of 165 and r?
5
Let c = 1126 - 873. What is the highest common factor of c and 11?
11
Let x = 7619 + -7599. Let z be 3*1 + -3 + 2. Calculate the highest common factor of x and z.
2
Let z(v) = -4*v**3 + 4*v**2 - v + 6. Let i be z(3). Let j = i + 95. Calculate the highest common divisor of j and 78.
26
Let j = 0 - -14. Suppose -2*i + 26 = -4*w, 3*i - w - 53 = -j. Calculate the greatest common divisor of i and 26.
13
Let m be 1/11 + (-2855)/(-55). Let o be 50 + (0 - 1) + 3. Suppose j = 3*j - o. What is the highest common divisor of m and j?
26
Suppose -4*w = -8, -n + 3*n + w = 12. Suppose 5*l - m + 2*m = 154, -153 = -n*l - 2*m. Calculate the greatest common divisor of l and 155.
31
Let f be 45 - -275 - ((-9)/3 + 8). What is the highest common factor of 189 and f?
63
Suppose 65 + 313 = -53*a + 74*a. Let o(p) = -9*p. Let g be o(-4). Calculate the greatest common factor of g and a.
18
Suppose 16*k - 10*k = 144. Calculate the greatest common divisor of 21 and k.
3
Suppose 63*m - 1257 = 61*m + b, -3*m - 4*b + 1902 = 0. Calculate the highest common factor of m and 7.
7
Suppose -8*z = -0*z - 120. Calculate the greatest common factor of 405 and z.
15
Suppose 4*v - 36 = 4*j + 36, -3*v + 5*j + 48 = 0. Let f = v + -31. Let i be 2 + 8/(-4) - f. Calculate the greatest common factor of i and 90.
10
Let d(v) = 23*v. Let n be d(-1). Let k = n - -24. Let s be (-2)/(-4)*(-30)/(-3). What is the greatest common divisor of k and s?
1
Let n(w) = -10*w + 15. Let s be n(-1). Calculate the highest common divisor of s and 200.
25
Let q be (-2810)/(-55) + (-10)/110. What is the highest common factor of 289 and q?
17
Suppose -a = 3*a - 4*b - 28, 0 = -2*a + 3*b + 16. Suppose 0 = 61*w - 8*w - 1325. Suppose -a = -5*f + w. What is the highest common factor of f and 6?
6
Let b = 5 + 3. Let z be (-10)/45 + 2/9. Suppose z*a = -2*a + 64. What is the greatest common divisor of a and b?
8
Suppose 403 + 125 = 4*j. Calculate the highest common divisor of j and 110.
22
Suppose -67*b + 153 + 182 = 0. Suppose 4*r = -20, 5*r = o + 9 - 38. Suppose a + o*a - 100 = 0. Calculate the highest common divisor of b and a.
5
Suppose -3*n = 2087 - 2111. Calculate the highest common divisor of n and 324.
4
Let q(h) = -2*h**3 - 4*h**2 + h + 2. Let m be q(-4). Let i = 323 - 230. What is the greatest common factor of i and m?
31
Suppose -870 = -11*t + 989. What is the highest common factor of 26 and t?
13
Let n be (-43)/(-4)*(-42 + 46). Calculate the highest common divisor of 688 and n.
43
Let x(s) = s + 18. Let b be x(-20). Let t be 27/1 + (-7 - b). What is the highest common factor of 110 and t?
22
Let x be -2*(-3)/18*9. Suppose p + w + 2*w + 1 = 0, -x*p = w - 5. Calculate the highest common factor of p and 6.
2
Let c be ((-132)/(-16))/(1/4). Suppose 2*b + 56 + 239 = i, 4*b - 598 = -2*i. Calculate the greatest common factor of i and c.
33
Suppose 18*n - 1933 - 803 = 0. What is the highest common divisor of 228 and n?
76
Let o = -66 + 85. Suppose -4*v + v = 3*n + 9, 2*v = 3*n + o. What is the highest common factor of v and 18?
2
Let r = 329 + -677. Let i be r*((-50)/15 - -3). What is the greatest common factor of 29 and i?
29
Let w be (-4)/38 - 468/247. Suppose 0*y = -5*y. Let g be 2 + 0/(y - w). Calculate the highest common factor of 18 and g.
2
Suppose -3*l - l - 2*u = 16, 0 = 4*l + 4*u + 16. Let m be 14/8*(-176)/l. What is the highest common divisor of m and 11?
11
Let u be (8/(-20))/(1/(-70)). Suppose -4*x + 3*f = -209, 2*f + 46 = -x + 2*x. Calculate the greatest common divisor of x and u.
28
Let n(z) = -18*z. Let s be n(-2). Suppose -d + s = d. Suppose 2*g = -2*g + 48. Calculate the greatest common divisor of g and d.
6
Let k be 9/4*88/33. Suppose 2*w - 4*i = 52, k*i - 1 = -w + 3*i. Let x be 1258/9 + w/72. Calculate the highest common factor of x and 20.
20
Suppose 2209 - 25 = 13*x. What is the highest common divisor of 7 and x?
7
Let z(c) = -c**3 + 6*c**2 + 8*c + 5. Let v be z(7). Calculate the greatest common factor of v and 324.
12
Let j be 114/126 + -1 + 1392/63. What is the greatest common factor of 10 and j?
2
Let x be (3/(-2))/((-6)/12). What is the highest common factor of 96 and x?
3
Let x = -17 + 31. Let q be 310/18 - x/63. Let k be 4/(-14) - 1670/(-14). Calculate the greatest common divisor of k and q.
17
Suppose 24 = 4*y - 4*r, 5*r + 26 = 5*y + r. Let n be 12*(-8)/(-60)*5. Suppose -n = s - 26. Calculate the greatest common factor of s and y.
2
Suppose -2*r - r = 5*q - 873, -3*q = 5*r - 527. Suppose 3*v + 2*z = q, 2*v - 5*v = -4*z - 156. Calculate the greatest common divisor of v and 7.
7
Suppose 118 = 5*r - r - 5*c, -89 = -3*r + 4*c. Suppose 0 = -0*y - y + 5*j - 2, -3*y + 2*j = 58. Let w = y - -40. Calculate the highest common factor of w and r.
9
Suppose 3*f - 184 = -76. Calculate the highest common divisor of f and 48.
12
Let x = -345 - -354. Let p = 117 - 81. What is the greatest common factor of p and x?
9
Suppose 4*d - 94 = 98. Let i(t) = -23*t + 177. Let j be i(7). What is the highest common factor of d and j?
16
Let n = -342 - -570. What is the greatest common factor of 60 and n?
12
Suppose 693 + 1399 = 4*v + o, 0 = 5*v + 3*o - 2622. What is the highest common divisor of v and 58?
58
Suppose -3*y + 0*o + 3*o + 126 = 0, -138 = -3*y - o. Let j be 72/6 + 6 + 0. What is the greatest common divisor of j and y?
9
Let s = 81 + 67. Calculate the highest common divisor of s and 407.
37
Suppose 4*k + 4*c = 168, 13*c + 96 = 2*k + 11*c. Calculate the greatest common divisor of k and 720.
45
Suppose 2*t + 40 = 4*p, -5*t - 81 = -2*p - 5. Let u = 1 - t. Let q = 1 - -2. What is the highest common factor of q and u?
3
Let i = -251 + 278. What is the greatest common factor of 108 and i?
27
Let y = -108 + 123. Let o(c) = c**2 + 3*c + 5. Let m be o(-8). Calculate the greatest common divisor of m and y.
15
Suppose -7*t + 3*t + 264 = 0. Let b be ((-207)/6)/((-9)/t). Calculate the greatest common divisor of b and 23.
23
Suppose 22*t - 364 = 20*t. What is the greatest common factor of t and 26?
26
Suppose -53*v = -134 - 2728. What is the greatest common factor of v and 36?
18
Let a = -25 - -102. Suppose 63*q + 42 = 69*q. What is the greatest common factor of a and q?
7
Suppose -7*r + 864 = r. Calculate the highest common factor of r and 72.
36
Suppose 2*r - 984 - 2938 = 0. Calculate the highest common divisor of r and 37.
37
Let n be 1 + -4 + (-18 - -321). What is the greatest common divisor of 60 and n?
60
Let a be ((-6)/(-9))/(7/462). What is the greatest common factor of a and 286?
22
Suppose -3*n = 3*a - 363, 3*n = -a + 94 + 267. Suppose 7*s - 3*s = 292. Let c = s + -25. Calculate the greatest common factor of n and c.
24
Suppose o = -4*y + 84, 2*y + 4 = 12. What is the greatest common divisor of 34 and o?
34
Let k = -246 - -350. Suppose -41*g + 168*g = 508. Calculate the greatest common factor of k and g.
4
Let d be 14/(-91) + (-5)/((-195)/(-6741)). Suppose -3*f + 529 = 2*a, 3*f + 2*f = 2*a - 521. Let u = d + a. Calculate the greatest common divisor of u and 10.
10
Suppose -96 = 4*t - t. Let u = 21 + t. Let s(v) = -11*v + 12. Let b be s(u). What is the highest common factor of b and 19?
19
Let m(r) = 57*r**3 - 2*r**2 + 3*r - 4. Let k be m(2). Suppose k = 2*g + 2*u, g + 5*u + 0*u - 229 = 0. What is the greatest common divisor of g and 32?
32
Suppose -82 = -2*o - 5*t, -8*o = -6*o + 4*t - 82. What is the greatest common factor of 164 and o?
41
Let g be (-62)/(-8)*196/(13 - 6). Calculate the highest common factor of g and 124.
31
Let y = -214 + 292. What is the highest common divisor of 52 and y?
26
Let j = -33 - -36. Suppose -4*p = -3*b - 5, 2*b - b = j*p - 10. What is the greatest common factor of b and 55?
5
Suppose -9*n = 25*n - 1632. What is the greatest common factor of n and 48?
48
Suppose -23 = -6*w + 3*w + 2*x, 5*w - 4*x - 37 = 0. Let i = -3 + -2. Let m = 1 - i. Calculate the highest common factor of w and m.
3
Suppose -39*g = -38*g - 168. What is the highest common divisor of g and 21?
21
Let p = 499 + -349. Suppos